28*a - 4. Let z be i(5). Let m = -436 - z. What are the prime factors of m?
11, 23
List the prime factors of 7858 - 363 - 4*2/4.
59, 127
Suppose 7*i + 10 = 5*i. Let d(n) = n**3 + 7*n**2 + 10*n - 2. Let t be d(i). List the prime factors of (-5 - -9 - t)*(-16)/(-6).
2
Suppose -28178*x + 537510 = -28163*x. List the prime factors of x.
2, 19, 23, 41
Let s = 3638 - 863. List the prime factors of s.
3, 5, 37
Suppose 5*x - 20 = -10. Suppose 0*o - 18 = -4*o - x*v, 4*v = -3*o + 16. What are the prime factors of -4 + (8 - o) + 117?
3, 13
Suppose 5*s - 323421 = 3*i, 5*s - 323453 = -88*i + 87*i. List the prime factors of s.
3, 21563
Let w be 32150/8 - 90/120. Suppose -5*n = -d - 4022, 0 = 5*n + 6*d - 5*d - w. List the prime factors of n.
2, 3, 67
Suppose -247*k - 26*k = -2634512 + 1081688. List the prime factors of k.
2, 3, 79
Suppose -y - 9 = -48. Let o be (-104)/y - ((-1)/(-3) - 1). Let g(h) = -h**3 - h**2 - 6*h - 5. List the prime factors of g(o).
11
Let g = 24953 - 14270. What are the prime factors of g?
3, 1187
Let v be (20/24*524)/((-3)/(-9)). Suppose -11*r - v = -21*r. What are the prime factors of r?
131
Let k = -73 + 91. Suppose 0 = 8*w + k + 6. What are the prime factors of w*(-3)/9 - -32?
3, 11
Suppose -5*d + 72 + 211 = 2*r, -d + 55 = 2*r. Let p be (1 + 0)/(-1) - (-6 + d). Let u = p + 74. List the prime factors of u.
2, 11
Let r be 44/3*((-6)/12 - -5). List the prime factors of (-109)/((24/(-4))/r).
11, 109
Let g(n) be the third derivative of 0*n - 1/8*n**4 + 2*n**2 - 7/3*n**3 + 0. List the prime factors of g(-7).
7
Let u be (4 - -13)/(0 + -2 + 1). List the prime factors of (-1942)/(-4) + 6/(u - -29).
2, 3
Let z be ((-10)/(2/2))/(6 + -8). Let u be (5 - z/(-1))*(-4)/10. Let y = u - -20. List the prime factors of y.
2
Suppose -6880 = -2*g - 4*k, 4*g - 7*k - 13790 = -5*k. What are the prime factors of g?
2, 1723
Let r(k) = -74 - 30*k + 82 + 32*k**2 + 23*k. List the prime factors of r(-3).
317
Let v(m) = -6*m**2 - 6*m + 12. Let a be v(6). Let y = a - -514. What are the prime factors of y?
2, 137
Let r = 1273 + 29897. List the prime factors of r.
2, 3, 5, 1039
Let i be (6/(-2))/(2/((-64)/12)). Suppose -i + 6 = -f. Let b(w) = 20*w**2 + 2*w. List the prime factors of b(f).
2, 3, 7
Let a be (-36)/8 + 5/10 + 0. List the prime factors of a/9 + 12508/36.
347
Suppose -3*o + 9 = 0, 0 = -2*r + 4*o - 5*o - 3. Let t(v) = 34*v**2 - 5*v + 2. List the prime factors of t(r).
17, 19
Let f = -158 + 1333. Suppose 5*j - 2939 = -4*r, f = 2*j + 3*r - 2*r. What are the prime factors of j?
587
Suppose -112 = 7*z - 3*z. Let s be -4*6/(216/51)*-15. Let w = z + s. List the prime factors of w.
3, 19
Let d = -2451 + 24957. What are the prime factors of d?
2, 3, 11, 31
Let f(y) = y**3 - y**2 - y + 5. Let o be f(0). Suppose -o*l + 22 = -h, 0 = -h + 4*l - 9 - 8. List the prime factors of 82/h - (-3 + 20/6).
3
Let o(c) = 97*c**2 + 215*c - 846. List the prime factors of o(4).
2, 3, 29
List the prime factors of 730/(-1168) + (-508346)/(-16).
31771
Suppose 4*i + 96 = p, -148 = 3*p - 2*i - 466. Let w be ((-6831)/p)/(1/4). Let r = w + 386. What are the prime factors of r?
7, 19
Let j(g) = 14*g + 124. Let c be j(-7). Suppose c*a - 1010 = 25*a. List the prime factors of a.
2, 5, 101
Let g(t) = -50 - 53 - 39 + 176 + 6*t - 49. Let h(z) = z**3 + 6*z**2 + 7*z + 5. Let n be h(-4). List the prime factors of g(n).
3, 13
What are the prime factors of ((-460)/(-110) - 4) + (-3406)/(-22)?
5, 31
What are the prime factors of (11 + 0)*1/(77/143857)?
20551
Let f(q) = 75*q**2 + 168*q + 45. What are the prime factors of f(6)?
3, 139
Suppose 5*i = -0*i + 3*a + 2061, a + 413 = i. Let o = i + -148. What are the prime factors of o?
263
Let f(y) = 93*y**2 - 3*y - 18. Let x be f(-5). Suppose -7*i + x = -191. What are the prime factors of i?
359
Let c(z) = -133*z + 1012. List the prime factors of c(-66).
2, 5, 11, 89
Let x = 639 - -3872. Let o = -2722 + x. List the prime factors of o.
1789
Let z(y) be the second derivative of y**4/6 - y**3/2 + 8*y**2 - 189*y. List the prime factors of z(4).
2, 3
Suppose 17*u = 19*u - 1010. Let q = u - 398. List the prime factors of q.
107
Let j = -4468 + 4618. Suppose -4*l - 254 = -1342. Let y = l - j. List the prime factors of y.
2, 61
Let q(x) = 1682*x**2 - 32*x + 68. List the prime factors of q(2).
2, 3, 11, 17
Suppose -392 = 32*y - 39*y. Suppose -y*l + 552 = -54*l. List the prime factors of l.
2, 3, 23
Let w(d) = d**3 - 9*d**2 + 9*d - 6. Let k be w(8). Suppose -y + 806 = -5*t + y, 0 = -4*t - k*y - 652. What are the prime factors of (t/(-4))/(7/14)?
3
Let f(w) = w + 13. Let a = -48 + 35. Let g be f(a). What are the prime factors of 58/2 - g/3?
29
Suppose 2*r + 13 = -q + 2*q, 2*q = -4*r - 14. Suppose 4*l = 5*d - 5125, q*l = 2*l. List the prime factors of d.
5, 41
Let y be ((-5)/(-15))/(1/81). Let p be -2*15/18*-3. Suppose -268 = -p*r + y. List the prime factors of r.
59
Suppose 12 = -2*i - 2. Let s(j) = 4*j**2 - 7*j - 11. Let z(o) = 5*o**2 - 8*o - 12. Let p(c) = 4*s(c) - 3*z(c). What are the prime factors of p(i)?
3, 23
Let o = -1042 - -1042. Suppose 2 = -4*f + 2*f, -2*w - 2*f + 138 = 0. Suppose o = 12*z + w - 850. What are the prime factors of z?
5, 13
Let g(z) = 20*z**2 - 5*z + 2. Suppose -i - 7 = -2*t, t + 0*i + 1 = -i. Let c be g(t). What are the prime factors of (6 - 8)/(c/74 + -1)?
2, 37
Let b(i) = 5*i**3 - 10*i**2 - 10*i - 1. Let x be b(-5). Let s = x + 1393. List the prime factors of s.
3, 7
Let j be ((-12)/24)/(1/(-26)). Suppose -j*k + 336 = -12*k. What are the prime factors of k?
2, 3, 7
Let m(j) = 12*j**2 - 21*j + 642. List the prime factors of m(18).
2, 3, 173
Let o(j) = 6*j**3 - 5*j**2 + 10*j - 26. Let y(b) = -8*b**2 + 81*b - 4. Let w be y(10). What are the prime factors of o(w)?
2, 5, 23
Suppose -26*x = -125*x + 764181. What are the prime factors of x?
3, 31, 83
Let t = 24231 - 7008. What are the prime factors of t?
3, 5741
Let m(r) = 2*r**2 + 2*r - 8. Let x be m(-3). Suppose -111 = -x*j + 121. What are the prime factors of j?
2, 29
Let o(b) = 160*b + 20. Let l = 246 - 245. What are the prime factors of o(l)?
2, 3, 5
Suppose -3*v + 19 = 5*j - 4*v, j - 11 = 2*v. Suppose -25 = -5*s, -10*q + j*s = -11*q + 435. List the prime factors of q.
2, 3, 5, 7
Let f(n) = -n**3 + 11*n**2 + 12*n - 21. Let j be f(12). Let h be 1 + j/15 + 26/(-10). Let o = h - -34. What are the prime factors of o?
31
What are the prime factors of -2 + (-16)/4 + 9871 - -9?
2, 4937
Let c be (-14)/(-4)*(-124)/217. Let y(z) = -197*z**3 - z**2 + z + 5. List the prime factors of y(c).
3, 5, 7
Suppose 54*j - 391851 - 980127 = 0. List the prime factors of j.
3, 941
Suppose -207*n - 69750 = -212*n - b, 0 = 5*n + 2*b - 69755. List the prime factors of n.
13, 29, 37
Let p(m) = 1 - 4*m**2 - 8*m + 6*m + 7*m**3 + 4*m**2. Let x be p(1). List the prime factors of 78/(-65)*(-220)/x.
2, 11
Let d = 1611 - 1661. Let s(h) = h**2 - 3. Let c be s(-6). Let v = c - d. What are the prime factors of v?
83
Let q be ((-3)/9)/(-6 - (-2541)/423). Let o = q - -131. What are the prime factors of o?
2, 3, 7
Suppose -65*y + 75*y = 5030. Let b = y - 316. What are the prime factors of b?
11, 17
Suppose -9*v + 60728 = -4*v + a, -3*a - 36444 = -3*v. List the prime factors of v.
2, 6073
Let n = 980 - 1723. Let k = -4 - -6. What are the prime factors of k/(-13) - n/13?
3, 19
Let a(u) be the second derivative of -u**3/3 + 131*u**2 + u - 97. List the prime factors of a(-41).
2, 43
Let a(c) = c**2 + 6*c + 11. Let t be a(-3). Suppose 4*q = 3*m - 8, -4 = 3*q + 2*m + t. List the prime factors of (141 - 5)*q/(-4).
2, 17
Let z = 5 - 8. What are the prime factors of (-6)/(-18) + ((-1984)/(-6) - z)?
2, 167
Suppose 47 = -k + 51, g = -3*k + 2523. List the prime factors of g.
3, 31
Suppose 18*i - 69483 - 1573827 = 0. List the prime factors of i.
5, 19, 31
Let t(i) = 79*i**2 + 79*i + 1005. What are the prime factors of t(-22)?
3, 463
Let s = 1046 + 1246. Suppose 134*t - 130*t = s. What are the prime factors of t?
3, 191
Let o(n) = n**2 + 10*n + 12. Let c be o(-9). Suppose 5*v - c*s = 977, -4*v + 592 = -v + 4*s. What are the prime factors of v?
2, 7
Let d(o) = -o**3 + 114*o**2 - 256*o - 792. List the prime factors of d(111).
3, 5, 11, 47
Suppose 2*v = 2, -5*v = 86*q - 87*q - 1. Suppose o - 5734 = -q*h - 1956, 2*h - 2*o = 1884. What are the prim